{"id":27507,"date":"2024-10-14T02:09:25","date_gmt":"2024-10-14T02:09:25","guid":{"rendered":"https:\/\/etikmermer.com.tr\/?page_id=27507"},"modified":"2024-10-14T02:09:27","modified_gmt":"2024-10-14T02:09:27","slug":"babaeski-mutfak-tezgahi","status":"publish","type":"page","link":"https:\/\/etikmermer.com.tr\/index.php\/babaeski-mutfak-tezgahi\/","title":{"rendered":"Babaeski Mutfak Tezgah\u0131"},"content":{"rendered":"<figure class=\"wp-block-table\"><table class=\"has-fixed-layout\"><tbody><tr><td>babaeski balkon yap\u0131m ustalar\u0131<\/td><td>k\u0131rklarelinde mezar yapan ustalar<\/td><\/tr><tr><td>babaeski cam balkon yap\u0131m\u0131<\/td><td>k\u0131rklarelinde mezar yap\u0131m\u0131<\/td><\/tr><tr><td>babeskide mermer mezar yapanlar<\/td><td>k\u0131rklareli il\u00e7elerinde mezar yapan firmalar<\/td><\/tr><tr><td>babaeski mermer merdiven yap\u0131m ustalar\u0131<\/td><td>k\u0131rklarelinde ba\u015fta\u015f\u0131 yap\u0131m i\u015fleri<\/td><\/tr><tr><td>babaeskide duvar kaplama ustalar\u0131<\/td><td>k\u0131rklarelinde projeli mermer mezar yap\u0131m i\u015fleri<\/td><\/tr><tr><td>babeskide mutfak tezgah\u0131 yapan ustalar<\/td><td>k\u0131rklarelinde uygun fiyatl\u0131 mezar yap\u0131m hizmetleri<\/td><\/tr><tr><td>babaeskide yer d\u00f6\u015feme ustalar\u0131<\/td><td>k\u0131rklarelinde granit mutfak yap\u0131m i\u015fleri<\/td><\/tr><tr><td>mand\u0131ra mermer granit<\/td><td>k\u0131rklarelinde k\u00fcpe\u015fte mermer yap\u0131m i\u015fleri<\/td><\/tr><tr><td>k\u0131rklareli duvar kaplama ustalar\u0131<\/td><td>k\u0131rklarelinde mutfak mermeri yap\u0131m i\u015fleri<\/td><\/tr><tr><td>k\u0131rklareli mutfak tezgah\u0131 yap\u0131m\u0131<\/td><td>k\u0131rklarelinde \u00e7e\u015fme yap\u0131m i\u015fleri<\/td><\/tr><tr><td>k\u0131rklareli yer d\u00f6\u015feme i\u015fleri<\/td><td>k\u0131rklarelinde k\u00fcrsi yap\u0131m i\u015fleri<\/td><\/tr><tr><td>k\u0131rklarelinde mermer ve granit ustalar\u0131<\/td><\/tr><\/tbody><\/table><figcaption class=\"wp-element-caption\">Babaeski Denizlik<br>Babaeski Mermer basamak<br>Babaeski Mermer<br>Babaeski Granit<br>Babaeski Mutfak tezgah\u0131<br>Babaeski Mermer \u00c7e\u015fme<br>Babaeski Mermer mezar<br>Babaeski Mezar Yap\u0131m\u0131<\/figcaption><\/figure><p><\/p>","protected":false},"excerpt":{"rendered":"<p>babaeski balkon yap\u0131m ustalar\u0131 k\u0131rklarelinde mezar yapan ustalar babaeski cam balkon yap\u0131m\u0131 k\u0131rklarelinde mezar yap\u0131m\u0131 babeskide mermer mezar yapanlar k\u0131rklareli<\/p>\n","protected":false},"author":1,"featured_media":0,"parent":0,"menu_order":0,"comment_status":"closed","ping_status":"closed","template":"","meta":{"footnotes":""},"class_list":["post-27507","page","type-page","status-publish","hentry"],"_links":{"self":[{"href":"https:\/\/etikmermer.com.tr\/index.php\/wp-json\/wp\/v2\/pages\/27507","targetHints":{"allow":["GET"]}}],"collection":[{"href":"https:\/\/etikmermer.com.tr\/index.php\/wp-json\/wp\/v2\/pages"}],"about":[{"href":"https:\/\/etikmermer.com.tr\/index.php\/wp-json\/wp\/v2\/types\/page"}],"author":[{"embeddable":true,"href":"https:\/\/etikmermer.com.tr\/index.php\/wp-json\/wp\/v2\/users\/1"}],"replies":[{"embeddable":true,"href":"https:\/\/etikmermer.com.tr\/index.php\/wp-json\/wp\/v2\/comments?post=27507"}],"version-history":[{"count":1,"href":"https:\/\/etikmermer.com.tr\/index.php\/wp-json\/wp\/v2\/pages\/27507\/revisions"}],"predecessor-version":[{"id":27508,"href":"https:\/\/etikmermer.com.tr\/index.php\/wp-json\/wp\/v2\/pages\/27507\/revisions\/27508"}],"wp:attachment":[{"href":"https:\/\/etikmermer.com.tr\/index.php\/wp-json\/wp\/v2\/media?parent=27507"}],"curies":[{"name":"wp","href":"https:\/\/api.w.org\/{rel}","templated":true}]}}